= x*k(d) - 5*o(d). Calculate m(-3).
-10
Let c(l) be the first derivative of 2*l**4 - l**3/3 + l**2/2 - l - 31. Let w = 13 - 8. Suppose 2*g - 17 = -w*y, y = -3*g + 2*y. Determine c(g).
7
Let i(v) be the second derivative of -v**4/6 + 2*v**3 - v**2 - 441*v. What is i(8)?
-34
Let q(b) be the second derivative of 2*b + 0*b**3 + 1/2*b**2 + 1/4*b**4 + 6. Calculate q(1).
4
Let x(a) be the second derivative of a**5/20 + a**4/3 - a**3/3 + 5*a**2/2 - a. Let y(n) = 3*n**2 + 34*n - 28. Let r be y(-12). Give x(r).
13
Let t(h) = -4*h - 15. Let j(d) = -2*d - 9. Let z(l) = 5*j(l) - 3*t(l). Calculate z(-7).
-14
Let d(l) be the second derivative of l**3/2 - 13*l**2/2 - 237*l. Determine d(6).
5
Let u(m) be the third derivative of 0*m + 0 - m**3 - 3/8*m**4 + 1/120*m**6 - 7*m**2 + 1/12*m**5. Suppose 8 + 10 = -3*h. What is u(h)?
12
Let a(o) = -o**3 + 11*o**2 - 11*o + 10. Let g be a(10). Let s(v) be the third derivative of g + 11*v**2 + 1/6*v**4 + 0*v - 1/3*v**3. Determine s(2).
6
Let t be 1 - ((0 - 0) + -4). Suppose -2*i + g + g = 0, 0 = t*g + 10. Let u(m) = 2*m**2 + 4*m + 1. Let y be u(i). Let k(h) = -3*h. Give k(y).
-3
Let b(s) = 2*s**2 + 5*s + 3. Let n = -51 - -35. Let l(p) = -p**2 - 17*p - 19. Let c be l(n). Determine b(c).
6
Let z(l) = -l**2 - 10*l - 5. Let u be z(4). Let q = 65 + u. Let d(w) = -2*w - 2. Give d(q).
-10
Let l(g) = 1 - 24 - 3*g - 3*g + 1 + 5. Determine l(-7).
25
Let f(y) = 9*y**3 + 3*y**2 + 0*y + 3 - 7*y**3 + 3*y. Suppose -3*a - 12 = 0, -2*p - 20 = -0*p + 4*a. Determine f(p).
-7
Let w(v) = -v - 2*v**2 - 3*v + 3*v - 1. Suppose 116 = 14*f + 88. Determine w(f).
-11
Let t(d) = -d**3 - d + 2. Suppose -3*l - 9 = -5*n, 1 = 3*n - 2*l - 4. Suppose r + 5 = -n*o + 2*r, 0 = r - 5. Give t(o).
2
Let i(k) be the second derivative of 1/2*k**3 + 0*k**2 + 0 - 27*k. Calculate i(-4).
-12
Let b(f) = f**2. Let q(x) = x**2 + 2*x - 7. Let v be q(-3). Let h be (-4)/(-2) + (1 - (-3 - v)). Calculate b(h).
4
Let j(y) = -7*y**3 - 18*y**2 + 8*y + 31. Let u(i) = 15*i**3 + 36*i**2 - 14*i - 63. Let s(m) = -13*j(m) - 6*u(m). Calculate s(-19).
-6
Suppose 5*k + 49 = 4*o, -4*o + k + 44 = -3*k. Let n(b) = -b**3 + o*b + 10*b**3 - 10*b**3 - 4*b**2. Give n(-5).
-5
Let l(i) = -3*i**2 + 2*i + 155*i**3 - i - 2*i - 162*i**3 + 1. Calculate l(-1).
6
Let z(i) = 3*i**2 - 5*i - 22. Let g(s) = -4*s**2 + 5*s + 30. Let o(d) = 4*g(d) + 5*z(d). Calculate o(-7).
-4
Let y(u) be the first derivative of -u**4/4 - 2*u**3 + u**2 - 5*u - 137. Give y(-6).
-17
Let j(r) = -r + 5. Suppose n - 16 = -5*m, -2*n - 20 = 13*m - 16*m. Determine j(m).
1
Let q(g) be the third derivative of -g**6/120 + g**5/12 + g**4/4 + 5*g**3/6 - 71*g**2. Give q(6).
5
Let p(w) = -48*w. Let v(i) = -i. Let x(z) = -2*p(z) + 112*v(z). Suppose 2*u + 3*k - 2 = 0, -u + 33 = -7*k + 32. Give x(u).
-16
Let m(i) = i**3 + 10*i**2. Let z = 76 + -74. Let w(c) = c**3 - 5*c**2 - c + 4. Let g be w(z). Give m(g).
0
Let t(i) = -i. Let w(z) = -3*z - 1. Let q(g) = -g**2 + 11*g + 1. Let c be q(11). Let n(s) = c*w(s) - 4*t(s). Give n(-2).
-3
Let t = 223 + -228. Let d(v) = -v**2 - 7*v + 7. Give d(t).
17
Let y = -11 + 8. Let s be 0 + -8*y/6. Let a(i) = -3*i**2 + i**3 + 166 + i**2 - 167 - 5*i. Calculate a(s).
11
Let j = -11 + 8. Let i(h) = -2 + h + 3*h**2 - 94021*h**3 - 4*h + 94022*h**3. Calculate i(j).
7
Let o be 46/(-14) + (2/5)/(21/15). Let h(b) be the first derivative of -5*b**2/2 + 4*b + 1. What is h(o)?
19
Let a(k) = k - 4. Let w be 5/((0 + 1)*(-7)/7). Let s(g) = g - 3. Let m(v) = w*a(v) + 4*s(v). Give m(7).
1
Let u be 2/(-6) + 19/3. Let w = 44 + -38. Let n(y) = 11*y - w*y - 6*y. Determine n(u).
-6
Let k(m) be the second derivative of -m**4/12 + 13*m**3/6 - 5*m**2 - 11*m - 2. Determine k(8).
30
Let u(i) be the third derivative of -25*i**2 - 1/3*i**3 + 0*i + 0 - 1/24*i**4. Determine u(-5).
3
Let c(y) be the second derivative of -y**5/20 - y**4/2 + y**3 + y**2 + 78*y. What is c(-7)?
9
Let r = -15 - -19. Let z(w) = -w**2. Let u(l) = -8*l**2 + 2*l + 2. Let o(m) = r*z(m) - u(m). Let i be 36/15 - (-2)/(-5). Give o(i).
10
Let b(j) be the third derivative of 0*j + 17*j**2 + 0 + 1/24*j**4 + 5/6*j**3. What is b(-4)?
1
Let z(i) = -i**3 + 19*i**2 - 17*i - 20. Let s be z(18). Let h be 6 + (-5 - -7) + 1*s. Let t(r) = -r**2 + 3*r + 6. What is t(h)?
-12
Suppose 0 = 2*u + 2*m - 22, 4*u - 3*m = -5*m + 34. Let b(o) = o**3 - 7*o**2 + o + 8. Calculate b(u).
-22
Let x(l) = l + 12. Let i = -2 - -8. Let w = i - 11. Determine x(w).
7
Let p = -11 - -9. Let c be 24/4*(-1)/p. Let o(v) = -1 - 4*v + 4*v - v**c. Give o(-1).
0
Let d(n) = 1 + 37*n**2 + 18*n**2 - 61*n**2. Calculate d(-1).
-5
Let p = 12 - 16. Let g be (p + (-8)/(-6))*-3. Let n be 2*((-20)/g + 4). Let l(u) = -u + 7. Calculate l(n).
4
Let b(j) = j**2 - j + 3. Let l(n) be the third derivative of n**4/24 - 5*n**3/3 + n**2. Let y be 0 - -2 - -7 - -1. Let u be l(y). What is b(u)?
3
Let x(b) = b**3 - 3*b**2 - 3*b - 5. Let j be x(4). Let g(z) = -6*z - 16*z**2 + 27*z**2 - 2*z + 8*z. Calculate g(j).
11
Let x(i) = 7*i - 3. Let n(h) = -11*h + 4. Let v(w) = w**3 + 4*w**2 - w + 4. Let a be v(-4). Let l(b) = a*x(b) + 5*n(b). What is l(3)?
-1
Let q(y) = 3*y - 2 + y**2 - 12*y + 5. Let n be q(9). Let g(j) = 18*j**2 - 8*j**2 + j**n - 12*j**2. Calculate g(1).
-1
Let q(b) = b**3 + 7*b**2 + b - 13. Let v be (36/48*2)/((-3)/14). What is q(v)?
-20
Let a(j) = -23*j - 1. Let h(w) = -4*w + 1. Let y(d) = a(d) - 4*h(d). Give y(-2).
9
Let l(y) be the third derivative of y**5/60 - y**4/6 - y**3 - 2*y**2. Let v be l(6). Let j(t) = -t + 1 - 8 + 4 + v. Determine j(6).
-3
Let l(y) be the second derivative of -y**3/6 + 3*y**2/2 - 63*y. Calculate l(9).
-6
Let o(w) = -5 + 44*w + 53*w + 4 - 5*w**2 - 96*w. Determine o(1).
-5
Let m be (-224)/28*(-2 + 3). Let g(u) = -u**2 - 4*u + 7. What is g(m)?
-25
Let s(m) be the third derivative of m**4/24 + m**3/6 + 77*m**2 - 2. Let j(z) = -5*z**3 - z - 1. Let d be j(-1). Calculate s(d).
6
Let k(a) = 9*a - 76. Let g(i) = -i - 7. Let m be g(-16). Let l be k(m). Let n(v) = v**3 - 5*v**2 - 4*v + 5. Give n(l).
-15
Suppose k + 4*r + 12 = -0*r, 12 = -4*r. Let v be (k - 29/4) + (-3)/(-12). Let i(q) = -q**3 - 8*q**2 - 5*q + 5. Determine i(v).
-9
Let p = -839 - -842. Let s(z) = 12*z - 5. Calculate s(p).
31
Let x(p) be the second derivative of -p**3/2 - 25*p**2/2 - 35*p + 4. What is x(-11)?
8
Let s(h) be the third derivative of -h**4/12 + 4*h**3/3 + 13*h**2 + 3. Determine s(4).
0
Let n(x) = -5*x + 1. Suppose -d = a - 3*d - 2, 0 = a - 4*d. Give n(a).
-19
Let u(v) be the third derivative of -v**6/120 - 3*v**5/20 - v**4/12 - 13*v**3/6 + 64*v**2. Give u(-9).
5
Let u(a) = a**2 - 2*a + 4*a + 0*a + 2*a + 3. Suppose -3*g + 5*g + 13 = -3*h, -g - 3*h - 11 = 0. What is u(g)?
-1
Let b be (-3 + 1)*290/116. Let k(d) = -d**2 - 3*d + 5. What is k(b)?
-5
Let p(g) = 2*g**2 + 7*g + 5. Let w be (-14)/(-5) - 19/(-95). Suppose h + 4 = -t - w*h, -5*h = -t - 4. Give p(t).
9
Let d(r) = -r**3 - 8*r**2 - r - 6. Suppose 10 = -5*f - 4*a - 34, 3*f - 2*a = -22. Give d(f).
2
Let n(b) = -18 - 3 - 39 + 5*b. Determine n(11).
-5
Let l(o) be the third derivative of 7*o**6/120 - o**5/60 + o**4/24 + o**3/6 - 2*o**2. Let u(d) = d**2 + 9*d - 7. Let y be u(-9). Let n = y + 6. Calculate l(n).
-8
Let m = 3 + -3. Let z(c) = 59*c + 4. Let t(r) = 364*r + 26. Let y(b) = -6*t(b) + 37*z(b). What is y(m)?
-8
Let y(w) = -7*w**2 + 8*w - 7. Let j(t) = -t**2 - 1. Let q(p) = 5*j(p) - y(p). Let b(g) = 3*g**2 - 8*g + 1. Let o(m) = 3*b(m) - 4*q(m). Give o(-5).
-20
Let m(t) be the first derivative of t**4/12 + 5*t**3/6 + 18*t + 4. Let k(h) be the first derivative of m(h). Determine k(-7).
14
Let c(s) = 9*s**2 + s + 15. Let p(y) = -y**2 + 8*y - 14. Let w be p(7). Let o(j) = -5*j**2 - j - 8. Let n(l) = w*o(l) - 4*c(l). What is n(3)?
-4
Let v = -25 + 29. Let b(n) be the first derivative of 5/3*n**3 - 5/2*n**2 + 6*n - 1 - 1/4*n**4. Determine b(v).
2
Let x = 191 - 184. Let s(l) = l**2 - 7*l - 6. Determine s(x).
-6
Let z = 27 + -24. Let m be 22 + (z + 0)*1. Let i(l) = 22*l**2 + 0 + 0 - m*l**2. What is i(1)?
-3
Let g(y) = 0*y**2 - y + 0*y**2 - y**2 - 1 - y**3 + 2*y. Suppose -16*v = -93 + 61. Give g(v).
-11
Let i(v) = 78*v - 2 - 6 - 81*v + 2*v**2. Calculate i(3).
1
Let h(a) be the third derivative of a**7/2520 + a**5/40 + a**4/4 + 5*a**2. Let r(j) be the second derivative of h(j). Determine r(0).